{"id":786,"date":"2019-01-11T16:51:51","date_gmt":"2019-01-11T16:51:51","guid":{"rendered":"https:\/\/www.mobilus.org\/?post_type=product&#038;p=786"},"modified":"2019-01-31T16:15:48","modified_gmt":"2019-01-31T16:15:48","slug":"silnik-do-rolet-mobilus-m45-ers-25-15","status":"publish","type":"product","link":"https:\/\/www.mobilus.org\/sklep\/produkt\/silnik-do-rolet-mobilus-m45-ers-25-15\/","title":{"rendered":"Silnik do rolet Mobilus M45 ERS 25\/15"},"content":{"rendered":"<div class=\"content_block\" id=\"custom_post_widget-681\"><p><img loading=\"lazy\" decoding=\"async\" class=\"\" src=\"https:\/\/www.mobilus.org\/wp-content\/uploads\/2019\/01\/mobilus_logo.png\" width=\"350\" height=\"112\" \/><\/p>\n<\/div>\n<p align=\"justify\"><span style=\"font-family: Arial, serif;\"><span style=\"font-size: medium;\"><span lang=\"pl-PL\">Silniki do rolet Mobilus serii M45 to urz\u0105dzenia dedykowane do sterowania roletami, bramami rolowanymi i markizami, wyposa\u017cone w wy\u0142\u0105czniki kra\u0144cowe. Zosta\u0142y przystosowane do przewodowych system\u00f3w inteligentnego domu dzi\u0119ki radiowemu odbiornikowi oraz systemowi detekcji przeszk\u00f3d.<\/span><\/span><\/span><\/p>\n<p><a class=\"corebutton\" href=\"https:\/\/silnikdorolet.pl\/mobilus-m45-do-rur-nawojowych-o60\/509-silnik-mobilus-m45-ers-1517.html\">ZOBACZ PRODUKT<\/a><\/p>\n","protected":false},"excerpt":{"rendered":"<p align=\"justify\"><span style=\"font-family: Arial, serif;\"><span style=\"font-size: medium;\"><span lang=\"pl-PL\">Silniki do rolet Mobilus serii M45 to urz\u0105dzenia dedykowane do sterowania roletami, bramami rolowanymi i markizami, wyposa\u017cone w wy\u0142\u0105czniki kra\u0144cowe. Zosta\u0142y przystosowane do przewodowych system\u00f3w inteligentnego domu dzi\u0119ki radiowemu odbiornikowi oraz systemowi detekcji przeszk\u00f3d.<\/span><\/span><\/span><\/p>\n","protected":false},"featured_media":677,"template":"","meta":{"_seopress_robots_primary_cat":"","_seopress_titles_title":"","_seopress_titles_desc":"","_seopress_robots_index":""},"product_cat":[24],"product_tag":[],"class_list":{"0":"post-786","1":"product","2":"type-product","3":"status-publish","4":"has-post-thumbnail","6":"product_cat-mobilus","8":"first","9":"instock","10":"shipping-taxable","11":"purchasable","12":"product-type-simple"},"_links":{"self":[{"href":"https:\/\/www.mobilus.org\/sklep\/wp-json\/wp\/v2\/product\/786","targetHints":{"allow":["GET"]}}],"collection":[{"href":"https:\/\/www.mobilus.org\/sklep\/wp-json\/wp\/v2\/product"}],"about":[{"href":"https:\/\/www.mobilus.org\/sklep\/wp-json\/wp\/v2\/types\/product"}],"wp:featuredmedia":[{"embeddable":true,"href":"https:\/\/www.mobilus.org\/sklep\/wp-json\/wp\/v2\/media\/677"}],"wp:attachment":[{"href":"https:\/\/www.mobilus.org\/sklep\/wp-json\/wp\/v2\/media?parent=786"}],"wp:term":[{"taxonomy":"product_cat","embeddable":true,"href":"https:\/\/www.mobilus.org\/sklep\/wp-json\/wp\/v2\/product_cat?post=786"},{"taxonomy":"product_tag","embeddable":true,"href":"https:\/\/www.mobilus.org\/sklep\/wp-json\/wp\/v2\/product_tag?post=786"}],"curies":[{"name":"wp","href":"https:\/\/api.w.org\/{rel}","templated":true}]}}