{"id":1403,"date":"2024-11-10T21:46:10","date_gmt":"2024-11-10T21:46:10","guid":{"rendered":"https:\/\/www.mobilus.org\/sklep\/?post_type=product&#038;p=1403"},"modified":"2024-11-10T21:51:25","modified_gmt":"2024-11-10T21:51:25","slug":"pilot-do-rolet-i-bram-mobilus-cosmo-g3-lite-kolor-czarny","status":"publish","type":"product","link":"https:\/\/www.mobilus.org\/sklep\/produkt\/pilot-do-rolet-i-bram-mobilus-cosmo-g3-lite-kolor-czarny\/","title":{"rendered":"Pilot do rolet i bram Mobilus COSMO G3+ Lite kolor czarny"},"content":{"rendered":"<p>Przeznaczony jest do rolet, bram, markiz i \u017caluzji wsp\u00f3\u0142pracuje ze wszystkimi silnikami radiowymi oraz odbiornikami Mobilus.<br \/>\nDzi\u0119ki niewielkim wymiarom spe\u0142nia funkcj\u0119 nadajnika osobistego. Bezpieczn\u0105 obs\u0142ug\u0119 zapewnia kod chroniony przed zak\u0142\u00f3ceniami.<br \/>\nPiloty posiadaj\u0105 r\u00f3wnie\u017c funkcj\u0119 \u0142atwego programowania.<\/p>\n<p>Specyfikacja:<\/p>\n<p>4 kana\u0142y<br \/>\nPozycja Komfort<br \/>\nBuzzer<br \/>\nkolory: bia\u0142y, czarny<br \/>\nkod Dynamiczny<br \/>\nModulacja FSK<br \/>\n868 MHz<br \/>\nBateria 1x CR2450 3,0 V<\/p>\n<p>Nie robimy problem\u00f3w ze zwrotem, czy wymian\u0105 pilota na inny model<br \/>\nGwarancja 2 lata<\/p>\n<p>&nbsp;<\/p>\n","protected":false},"excerpt":{"rendered":"<p align=\"justify\"><span style=\"font-family: Arial, serif;\"><span style=\"font-size: medium;\"><span lang=\"pl-PL\">Mobilus COSMO G3+ to pilot brelokowy wyposa\u017cony w 4 kana\u0142y sterowania. Obs\u0142uguje wszystkie silniki radiowe firmy Mobilus oraz modu\u0142y radiowe.<\/span><\/span><\/span><\/p>\n","protected":false},"featured_media":1404,"template":"","meta":{"_seopress_robots_primary_cat":"none","_seopress_titles_title":"","_seopress_titles_desc":"","_seopress_robots_index":""},"product_cat":[60,24],"product_tag":[],"class_list":{"0":"post-1403","1":"product","2":"type-product","3":"status-publish","4":"has-post-thumbnail","6":"product_cat-piloty-mobilus","7":"product_cat-mobilus","9":"first","10":"instock","11":"shipping-taxable","12":"purchasable","13":"product-type-simple"},"_links":{"self":[{"href":"https:\/\/www.mobilus.org\/sklep\/wp-json\/wp\/v2\/product\/1403","targetHints":{"allow":["GET"]}}],"collection":[{"href":"https:\/\/www.mobilus.org\/sklep\/wp-json\/wp\/v2\/product"}],"about":[{"href":"https:\/\/www.mobilus.org\/sklep\/wp-json\/wp\/v2\/types\/product"}],"wp:featuredmedia":[{"embeddable":true,"href":"https:\/\/www.mobilus.org\/sklep\/wp-json\/wp\/v2\/media\/1404"}],"wp:attachment":[{"href":"https:\/\/www.mobilus.org\/sklep\/wp-json\/wp\/v2\/media?parent=1403"}],"wp:term":[{"taxonomy":"product_cat","embeddable":true,"href":"https:\/\/www.mobilus.org\/sklep\/wp-json\/wp\/v2\/product_cat?post=1403"},{"taxonomy":"product_tag","embeddable":true,"href":"https:\/\/www.mobilus.org\/sklep\/wp-json\/wp\/v2\/product_tag?post=1403"}],"curies":[{"name":"wp","href":"https:\/\/api.w.org\/{rel}","templated":true}]}}